{"id":216,"date":"2021-04-02T22:51:21","date_gmt":"2021-04-02T20:51:21","guid":{"rendered":"https:\/\/buehnelandshutcom.wordpress.com\/?page_id=216"},"modified":"2024-08-09T17:51:00","modified_gmt":"2024-08-09T17:51:00","slug":"buehne-landshut","status":"publish","type":"page","link":"https:\/\/b\u00fchne-landshut.de\/","title":{"rendered":"B\u00fchne Landshut"},"content":{"rendered":"\n<figure class=\"wp-block-image alignfull size-large is-style-default\"><img decoding=\"async\" src=\"https:\/\/b\u00fchne-landshut.de\/wp-content\/uploads\/2021\/04\/startseitenbild_buehnelandshut-2.jpg?w=750\" alt=\"\" class=\"wp-image-465\"\/><\/figure>\n\n\n\n<div class=\"wp-block-group alignfull\"><div class=\"wp-block-group__inner-container is-layout-flow wp-block-group-is-layout-flow\">\n<div class=\"wp-block-columns alignfull is-layout-flex wp-container-core-columns-is-layout-28f84493 wp-block-columns-is-layout-flex\">\n<div class=\"wp-block-column is-vertically-aligned-top is-layout-flow wp-block-column-is-layout-flow\" style=\"flex-basis:100%\">\n<p class=\"has-text-align-center\"><mark style=\"background-color:rgba(0, 0, 0, 0);color:#1d1e1e\" class=\"has-inline-color\">c\/o Reinhart Hoffmann: Tel. <strong>0171-2634815<\/strong> oder Email <strong>hoffell@t-online.de<\/strong><\/mark><\/p>\n<\/div>\n<\/div>\n<\/div><\/div>\n\n\n\n<div class=\"wp-block-media-text is-stacked-on-mobile\" style=\"grid-template-columns:15% auto\"><figure class=\"wp-block-media-text__media\"><img loading=\"lazy\" decoding=\"async\" width=\"512\" height=\"492\" src=\"https:\/\/b\u00fchne-landshut.de\/wordpress\/wp-content\/uploads\/2021\/03\/cropped-cropped-logo-1.jpg?w=512\" alt=\"\" class=\"wp-image-58 size-full\" srcset=\"https:\/\/b\u00fchne-landshut.de\/wp-content\/uploads\/2021\/03\/cropped-cropped-logo-1.jpg 512w, https:\/\/b\u00fchne-landshut.de\/wp-content\/uploads\/2021\/03\/cropped-cropped-logo-1-300x288.jpg 300w\" sizes=\"auto, (max-width: 512px) 100vw, 512px\" \/><\/figure><div class=\"wp-block-media-text__content\">\n<h4 class=\"wp-block-heading\" id=\"wir-sind\"><mark style=\"background-color:rgba(0, 0, 0, 0);color:#164857\" class=\"has-inline-color\">Wir sind<\/mark>&#8230;<\/h4>\n\n\n\n<p>der Interessenverband der freien darstellenden K\u00fcnste in Stadt und Landkreis Landshut. Wir vertreten unsere Anliegen offensiv und hei\u00dfen alle willkommen, denen unsere Ziele ebenfalls eine Herzensangelegenheit sind. <a href=\"https:\/\/buehne-landshut.com\/verband\/\">Link<\/a><\/p>\n<\/div><\/div>\n\n\n\n<div class=\"wp-block-media-text is-stacked-on-mobile\" style=\"grid-template-columns:15% auto\"><figure class=\"wp-block-media-text__media\"><img loading=\"lazy\" decoding=\"async\" width=\"472\" height=\"709\" src=\"https:\/\/b\u00fchne-landshut.de\/wordpress\/wp-content\/uploads\/2021\/04\/schneewittchen2-1.jpg\" alt=\"\" class=\"wp-image-451 size-full\" srcset=\"https:\/\/b\u00fchne-landshut.de\/wp-content\/uploads\/2021\/04\/schneewittchen2-1.jpg 472w, https:\/\/b\u00fchne-landshut.de\/wp-content\/uploads\/2021\/04\/schneewittchen2-1-200x300.jpg 200w\" sizes=\"auto, (max-width: 472px) 100vw, 472px\" \/><\/figure><div class=\"wp-block-media-text__content\">\n<h4 class=\"wp-block-heading\" id=\"unsere-mitglieder\"><mark style=\"background-color:rgba(0, 0, 0, 0);color:#164857\" class=\"has-inline-color\">Unsere Mitglieder&#8230;<\/mark><\/h4>\n\n\n\n<p>sind die seit Jahrzehnten im kulturellen Leben der Stadt verankerten Theater Landshut Berg (fr\u00fcher Hofberg-Theater), Konrad und Nikola sowie der Verein MuT als das j\u00fcngste \u201aKind\u2019 des Landshuter Theaterlebens. <a href=\"https:\/\/buehne-landshut.com\/theater\/\">Link<\/a><\/p>\n<\/div><\/div>\n\n\n\n<h4 class=\"wp-block-heading\" id=\"was-gibt-s-neues\"><mark style=\"background-color:rgba(0, 0, 0, 0);color:#174857\" class=\"has-inline-color\">Was gibt&#8217;s Neues?<\/mark><\/h4>\n\n\n<ul class=\"wp-block-latest-posts__list wp-block-latest-posts\"><li><a class=\"wp-block-latest-posts__post-title\" href=\"https:\/\/b\u00fchne-landshut.de\/?p=540\">2024: alle Theater unter Volldampf!<\/a><div class=\"wp-block-latest-posts__post-excerpt\">F\u00fcr alle Theaterbegeisterten in Stadt und Landkreis eine gute Nachricht: alle Theater sind aktiv, alle planen neue Projekte, Auff\u00fchrungen und Shows. Auch gemeinsame Aktivit\u00e4ten wird es wieder geben. Details findet ihr auf den Websites der Mitgliedstheater. Wir w\u00fcnschen euch viel Spa\u00df und freuen uns auf euch!<\/div><\/li>\n<li><a class=\"wp-block-latest-posts__post-title\" href=\"https:\/\/b\u00fchne-landshut.de\/?p=523\">Es l\u00e4uft! Oder?<\/a><div class=\"wp-block-latest-posts__post-excerpt\">Ja, alle B\u00fchne-Landshut-Theater sind weiterhin aktiv. Von Normalbetrieb kann aber keine Rede sein und es bleibt ein kr\u00e4ftezehrendes Auf und Ab. Umso sch\u00f6ner ist es, Euch als Publikum bei uns zu sehen! Schaut in die Planungen unserer Theater &#8211; unsere Vielf\u00e4ltigkeit ist unsere St\u00e4rke &#8211; hier findet jede:r f\u00fcr sich das Passende!<\/div><\/li>\n<li><a class=\"wp-block-latest-posts__post-title\" href=\"https:\/\/b\u00fchne-landshut.de\/?p=516\">Alle Theater wieder aktiv<\/a><div class=\"wp-block-latest-posts__post-excerpt\">Unsere Mitgliedstheater sind endlich wieder in die Probenarbeit eingestiegen und haben auch bereits Veranstaltungstermine ver\u00f6ffentlicht. Wir freuen uns, dass alle &#8211; auch dank der guten gegenseitigen Unterst\u00fctzung &#8211; die harte kulturfeindliche Pandemiezeit \u00fcberstanden haben!<\/div><\/li>\n<\/ul>","protected":false},"excerpt":{"rendered":"<p>c\/o Reinhart Hoffmann: Tel. 0171-2634815 oder Email hoffell@t-online.de Wir sind&#8230; der Interessenverband der freien darstellenden K\u00fcnste in Stadt und Landkreis Landshut. Wir vertreten unsere Anliegen offensiv und hei\u00dfen alle willkommen, denen unsere Ziele ebenfalls eine Herzensangelegenheit sind. Link Unsere Mitglieder&#8230; sind die seit Jahrzehnten im kulturellen Leben der Stadt verankerten Theater Landshut Berg (fr\u00fcher Hofberg-Theater),<a class=\"more-link\" href=\"https:\/\/b\u00fchne-landshut.de\/\">Continue reading <span class=\"screen-reader-text\">&#8220;B\u00fchne Landshut&#8221;<\/span><\/a><\/p>\n","protected":false},"author":2,"featured_media":0,"parent":0,"menu_order":0,"comment_status":"closed","ping_status":"closed","template":"","meta":{"footnotes":""},"class_list":["post-216","page","type-page","status-publish","hentry","entry"],"_links":{"self":[{"href":"https:\/\/b\u00fchne-landshut.de\/index.php?rest_route=\/wp\/v2\/pages\/216","targetHints":{"allow":["GET"]}}],"collection":[{"href":"https:\/\/b\u00fchne-landshut.de\/index.php?rest_route=\/wp\/v2\/pages"}],"about":[{"href":"https:\/\/b\u00fchne-landshut.de\/index.php?rest_route=\/wp\/v2\/types\/page"}],"author":[{"embeddable":true,"href":"https:\/\/b\u00fchne-landshut.de\/index.php?rest_route=\/wp\/v2\/users\/2"}],"replies":[{"embeddable":true,"href":"https:\/\/b\u00fchne-landshut.de\/index.php?rest_route=%2Fwp%2Fv2%2Fcomments&post=216"}],"version-history":[{"count":2,"href":"https:\/\/b\u00fchne-landshut.de\/index.php?rest_route=\/wp\/v2\/pages\/216\/revisions"}],"predecessor-version":[{"id":595,"href":"https:\/\/b\u00fchne-landshut.de\/index.php?rest_route=\/wp\/v2\/pages\/216\/revisions\/595"}],"wp:attachment":[{"href":"https:\/\/b\u00fchne-landshut.de\/index.php?rest_route=%2Fwp%2Fv2%2Fmedia&parent=216"}],"curies":[{"name":"wp","href":"https:\/\/api.w.org\/{rel}","templated":true}]}}