{"id":152,"date":"2021-03-29T01:17:17","date_gmt":"2021-03-28T23:17:17","guid":{"rendered":"https:\/\/buehnelandshutcom.wordpress.com\/?page_id=152"},"modified":"2021-03-29T01:17:17","modified_gmt":"2021-03-28T23:17:17","slug":"verband","status":"publish","type":"page","link":"https:\/\/b\u00fchne-landshut.de\/?page_id=152","title":{"rendered":"Verband"},"content":{"rendered":"\n<div class=\"wp-block-media-text alignwide has-media-on-the-right is-stacked-on-mobile is-vertically-aligned-top\" style=\"grid-template-columns:auto 15%;\"><figure class=\"wp-block-media-text__media\"><img loading=\"lazy\" decoding=\"async\" width=\"251\" height=\"352\" src=\"https:\/\/b\u00fchne-landshut.de\/wordpress\/wp-content\/uploads\/2021\/04\/logo.jpg\" alt=\"\" class=\"wp-image-228 size-full\" srcset=\"https:\/\/b\u00fchne-landshut.de\/wp-content\/uploads\/2021\/04\/logo.jpg 251w, https:\/\/b\u00fchne-landshut.de\/wp-content\/uploads\/2021\/04\/logo-214x300.jpg 214w\" sizes=\"auto, (max-width: 251px) 100vw, 251px\" \/><\/figure><div class=\"wp-block-media-text__content\">\n<h4 class=\"wp-block-heading\"><mark style=\"background-color:rgba(0, 0, 0, 0);color:#174857;\" class=\"has-inline-color\">B\u00fchne Landshut &#8211; Interessenverband der freien darstellenden K\u00fcnste in Stadt und Landkreis Landshut<\/mark><\/h4>\n\n\n\n<p>Die Menschen in Stadt und ihr Landkreis lieben ihre Theater! Wir wollen die freien B\u00fchnen und deren vielf\u00e4ltige Angebote noch besser pr\u00e4sentieren, unseren Beitrag zum Kulturleben offensiver kommunizieren und auf Augenh\u00f6he mit den Entscheidern in Politik und Gesellschaft ins Gesp\u00e4ch gehen. <\/p>\n\n\n\n<p>Lesen Sie unser <a rel=\"noreferrer noopener\" href=\"https:\/\/b\u00fchne-landshut.de\/wordpress\/wp-content\/uploads\/2021\/04\/pressemappe-seite-selbstdarstellung-bl.pdf\" target=\"_blank\">Memorandum<\/a> (PDF) zur Situation der freien Theater und unseren Zielen als Verband.<\/p>\n\n\n\n<h5 class=\"wp-block-heading\"><mark style=\"background-color:rgba(0, 0, 0, 0);color:#174857;\" class=\"has-inline-color\">2017: Gr\u00fcndung der B\u00fchne Landshut<\/mark><\/h5>\n\n\n\n<figure class=\"wp-block-image size-large\"><img loading=\"lazy\" decoding=\"async\" width=\"2336\" height=\"1557\" src=\"https:\/\/b\u00fchne-landshut.de\/wordpress\/wp-content\/uploads\/2022\/07\/vorstand-buehne-landshut.jpg?w=1024\" alt=\"\" class=\"wp-image-529\" srcset=\"https:\/\/b\u00fchne-landshut.de\/wp-content\/uploads\/2022\/07\/vorstand-buehne-landshut.jpg 2336w, https:\/\/b\u00fchne-landshut.de\/wp-content\/uploads\/2022\/07\/vorstand-buehne-landshut-300x200.jpg 300w, https:\/\/b\u00fchne-landshut.de\/wp-content\/uploads\/2022\/07\/vorstand-buehne-landshut-1024x683.jpg 1024w, https:\/\/b\u00fchne-landshut.de\/wp-content\/uploads\/2022\/07\/vorstand-buehne-landshut-768x512.jpg 768w, https:\/\/b\u00fchne-landshut.de\/wp-content\/uploads\/2022\/07\/vorstand-buehne-landshut-1536x1024.jpg 1536w, https:\/\/b\u00fchne-landshut.de\/wp-content\/uploads\/2022\/07\/vorstand-buehne-landshut-2048x1365.jpg 2048w\" sizes=\"auto, (max-width: 2336px) 100vw, 2336px\" \/><\/figure>\n\n\n\n<h2 class=\"wp-block-heading\"><mark style=\"background-color:rgba(0, 0, 0, 0);color:#174857;\" class=\"has-inline-color\">Der Vorstand<\/mark><\/h2>\n\n\n\n<div class=\"wp-block-columns is-layout-flex wp-container-core-columns-is-layout-28f84493 wp-block-columns-is-layout-flex\">\n<div class=\"wp-block-column is-layout-flow wp-block-column-is-layout-flow\" style=\"flex-basis:100%;\">\n<div class=\"wp-block-columns is-layout-flex wp-container-core-columns-is-layout-28f84493 wp-block-columns-is-layout-flex\">\n<div class=\"wp-block-column is-layout-flow wp-block-column-is-layout-flow\" style=\"flex-basis:100%;\">\n<p>Vorsitzender: <br><strong>Reinhart Hoffmann<\/strong>, geb. 1954 (Theater Nikola)<\/p>\n\n\n\n<p>Erster stellv. Vorsitzender und Kassenwart:<br><strong>Antonio D&#8217;Auria<\/strong>, geb. 1964 (MuT)<\/p>\n\n\n\n<p>Zweite stellv. Vorsitzende:<br><strong>Jara Hinz<\/strong>, geb. 1997 (Theater Konrad)<\/p>\n\n\n\n<p>Beisitzer: <br>Johanna Schickl, Adele Geisinger, Dieter Schmid-Hermann (Schriftf\u00fchrer), Mathias Paintner, Daniel Zollitsch<\/p>\n\n\n\n<p>Kassenrevisor:<br>Karlheinz Attenkofer<\/p>\n<\/div>\n<\/div>\n<\/div>\n<\/div>\n\n\n\n<p><\/p>\n<\/div><\/div>\n\n\n\n<p><\/p>\n","protected":false},"excerpt":{"rendered":"","protected":false},"author":2,"featured_media":0,"parent":0,"menu_order":0,"comment_status":"closed","ping_status":"closed","template":"","meta":{"footnotes":""},"class_list":["post-152","page","type-page","status-publish","hentry","entry"],"_links":{"self":[{"href":"https:\/\/b\u00fchne-landshut.de\/index.php?rest_route=\/wp\/v2\/pages\/152","targetHints":{"allow":["GET"]}}],"collection":[{"href":"https:\/\/b\u00fchne-landshut.de\/index.php?rest_route=\/wp\/v2\/pages"}],"about":[{"href":"https:\/\/b\u00fchne-landshut.de\/index.php?rest_route=\/wp\/v2\/types\/page"}],"author":[{"embeddable":true,"href":"https:\/\/b\u00fchne-landshut.de\/index.php?rest_route=\/wp\/v2\/users\/2"}],"replies":[{"embeddable":true,"href":"https:\/\/b\u00fchne-landshut.de\/index.php?rest_route=%2Fwp%2Fv2%2Fcomments&post=152"}],"version-history":[{"count":0,"href":"https:\/\/b\u00fchne-landshut.de\/index.php?rest_route=\/wp\/v2\/pages\/152\/revisions"}],"wp:attachment":[{"href":"https:\/\/b\u00fchne-landshut.de\/index.php?rest_route=%2Fwp%2Fv2%2Fmedia&parent=152"}],"curies":[{"name":"wp","href":"https:\/\/api.w.org\/{rel}","templated":true}]}}

https://bühne-landshut.de/?page_id=152

<div class="wp-block-media-text alignwide has-media-on-the-right is-stacked-on-mobile is-vertically-aligned-top" style="grid-template-columns:auto 15%;"><figure class="wp-block-media-text__media"><img loading="lazy" decoding="async" width="251" height="352" src="https://bühne-landshut.de/wordpress/wp-content/uploads/2021/04/logo.jpg" alt="" class="wp-image-228 size-full" srcset="https://bühne-landshut.de/wp-content/uploads/2021/04/logo.jpg 251w, https://bühne-landshut.de/wp-content/uploads/2021/04/logo-214x300.jpg 214w" sizes="auto, (max-width: 251px) 100vw, 251px" /></figure><div class="wp-block-media-text__content">
<h4 class="wp-block-heading"><mark style="background-color:rgba(0, 0, 0, 0);color:#174857;" class="has-inline-color">Bühne Landshut &#8211; Interessenverband der freien darstellenden Künste in Stadt und Landkreis Landshut</mark></h4>



<p>Die Menschen in Stadt und ihr Landkreis lieben ihre Theater! Wir wollen die freien Bühnen und deren vielfältige Angebote noch besser präsentieren, unseren Beitrag zum Kulturleben offensiver kommunizieren und auf Augenhöhe mit den Entscheidern in Politik und Gesellschaft ins Gespäch gehen. </p>



<p>Lesen Sie unser <a rel="noreferrer noopener" href="https://bühne-landshut.de/wordpress/wp-content/uploads/2021/04/pressemappe-seite-selbstdarstellung-bl.pdf" target="_blank">Memorandum</a> (PDF) zur Situation der freien Theater und unseren Zielen als Verband.</p>



<h5 class="wp-block-heading"><mark style="background-color:rgba(0, 0, 0, 0);color:#174857;" class="has-inline-color">2017: Gründung der Bühne Landshut</mark></h5>



<figure class="wp-block-image size-large"><img loading="lazy" decoding="async" width="2336" height="1557" src="https://bühne-landshut.de/wordpress/wp-content/uploads/2022/07/vorstand-buehne-landshut.jpg?w=1024" alt="" class="wp-image-529" srcset="https://bühne-landshut.de/wp-content/uploads/2022/07/vorstand-buehne-landshut.jpg 2336w, https://bühne-landshut.de/wp-content/uploads/2022/07/vorstand-buehne-landshut-300x200.jpg 300w, https://bühne-landshut.de/wp-content/uploads/2022/07/vorstand-buehne-landshut-1024x683.jpg 1024w, https://bühne-landshut.de/wp-content/uploads/2022/07/vorstand-buehne-landshut-768x512.jpg 768w, https://bühne-landshut.de/wp-content/uploads/2022/07/vorstand-buehne-landshut-1536x1024.jpg 1536w, https://bühne-landshut.de/wp-content/uploads/2022/07/vorstand-buehne-landshut-2048x1365.jpg 2048w" sizes="auto, (max-width: 2336px) 100vw, 2336px" /></figure>



<h2 class="wp-block-heading"><mark style="background-color:rgba(0, 0, 0, 0);color:#174857;" class="has-inline-color">Der Vorstand</mark></h2>



<div class="wp-block-columns is-layout-flex wp-container-core-columns-is-layout-28f84493 wp-block-columns-is-layout-flex">
<div class="wp-block-column is-layout-flow wp-block-column-is-layout-flow" style="flex-basis:100%;">
<div class="wp-block-columns is-layout-flex wp-container-core-columns-is-layout-28f84493 wp-block-columns-is-layout-flex">
<div class="wp-block-column is-layout-flow wp-block-column-is-layout-flow" style="flex-basis:100%;">
<p>Vorsitzender: <br><strong>Reinhart Hoffmann</strong>, geb. 1954 (Theater Nikola)</p>



<p>Erster stellv. Vorsitzender und Kassenwart:<br><strong>Antonio D&#8217;Auria</strong>, geb. 1964 (MuT)</p>



<p>Zweite stellv. Vorsitzende:<br><strong>Jara Hinz</strong>, geb. 1997 (Theater Konrad)</p>



<p>Beisitzer: <br>Johanna Schickl, Adele Geisinger, Dieter Schmid-Hermann (Schriftführer), Mathias Paintner, Daniel Zollitsch</p>



<p>Kassenrevisor:<br>Karlheinz Attenkofer</p>
</div>
</div>
</div>
</div>



<p></p>
</div></div>



<p></p>

https://bühne-landshut.de/index.php?rest_route=/wp/v2/pages/152

https://bühne-landshut.de/index.php?rest_route=/wp/v2/pages

https://bühne-landshut.de/index.php?rest_route=/wp/v2/types/page

https://bühne-landshut.de/index.php?rest_route=/wp/v2/users/2

https://bühne-landshut.de/index.php?rest_route=%2Fwp%2Fv2%2Fcomments&post=152

https://bühne-landshut.de/index.php?rest_route=/wp/v2/pages/152/revisions

https://bühne-landshut.de/index.php?rest_route=%2Fwp%2Fv2%2Fmedia&parent=152
